 1036640096?
2, 32395003
What are the prime factors of 41374890?
2, 3, 5, 269, 1709
List the prime factors of 1309226270.
2, 5, 11, 17, 373, 1877
What are the prime factors of 5124006?
2, 3, 94889
List the prime factors of 262699330.
2, 5, 23, 1142171
List the prime factors of 696829313.
19, 29, 1264663
List the prime factors of 168276977.
11, 19, 805153
What are the prime factors of 107605070?
2, 5, 17, 632971
List the prime factors of 224861778.
2, 3, 4164107
List the prime factors of 63078646.
2, 1979, 15937
List the prime factors of 49386653.
1637, 30169
What are the prime factors of 457883931?
3, 23, 139, 47741
What are the prime factors of 41596768?
2, 1299899
What are the prime factors of 2458783721?
2203, 1116107
What are the prime factors of 426722819?
10453, 40823
List the prime factors of 2932714027.
89, 32951843
List the prime factors of 2335358.
2, 17, 68687
List the prime factors of 565886083.
7, 80840869
What are the prime factors of 5244953?
7, 749279
What are the prime factors of 76073627?
7, 23, 9643
What are the prime factors of 255413583?
3, 28379287
List the prime factors of 51857474.
2, 25928737
What are the prime factors of 1414910216?
2, 349, 506773
What are the prime factors of 59303633?
17, 3488449
What are the prime factors of 32018081?
32018081
List the prime factors of 47958851.
6673, 7187
List the prime factors of 211307772.
2, 3, 13, 167, 8111
List the prime factors of 15954736.
2, 7, 142453
List the prime factors of 5535949690.
2, 5, 1087, 509287
What are the prime factors of 5451681521?
11, 13, 353, 107999
List the prime factors of 53079589.
571, 92959
What are the prime factors of 142575609?
3, 11, 4320473
What are the prime factors of 47324171?
47324171
What are the prime factors of 59241946?
2, 29620973
List the prime factors of 344959171.
283, 853, 1429
What are the prime factors of 1111770545?
5, 222354109
List the prime factors of 165170474.
2, 7, 379, 4447
List the prime factors of 180493693.
61, 2958913
What are the prime factors of 105434531?
1931, 54601
What are the prime factors of 1530382801?
83, 107, 172321
What are the prime factors of 2881576852?
2, 7, 11, 31, 89, 3391
List the prime factors of 42903280.
2, 5, 7, 23, 3331
List the prime factors of 237145306.
2, 89, 1332277
List the prime factors of 4771848768.
2, 3, 24853379
What are the prime factors of 427106894?
2, 213553447
List the prime factors of 829191605.
5, 11, 59, 61, 71
What are the prime factors of 1520346624?
2, 3, 167, 5927
List the prime factors of 2035671993.
3, 433, 6449
List the prime factors of 1028171659.
1028171659
What are the prime factors of 36300276?
2, 3, 239, 4219
List the prime factors of 983709143.
31, 31732553
What are the prime factors of 2681662015?
5, 536332403
List the prime factors of 42097343.
577, 72959
What are the prime factors of 2458557183?
3, 79, 1307, 7937
List the prime factors of 23725416.
2, 3, 11, 13, 31, 223
What are the prime factors of 1974072008?
2, 246759001
List the prime factors of 147401991.
3, 11, 496303
What are the prime factors of 164594659?
4919, 33461
What are the prime factors of 10313373?
3, 7, 17, 4127
List the prime factors of 1258255554.
2, 3, 209709259
List the prime factors of 1769472522.
2, 3, 53, 1854793
What are the prime factors of 20811058?
2, 2551, 4079
What are the prime factors of 1311001879?
11, 47, 2535787
List the prime factors of 1624577577.
3, 7, 19, 277, 14699
List the prime factors of 5287479411.
3, 71, 149, 166603
What are the prime factors of 33518350?
2, 5, 97, 6911
List the prime factors of 1482514518.
2, 3, 3251, 76003
List the prime factors of 2231552480.
2, 5, 47, 296749
List the prime factors of 89144734.
2, 7, 23, 276847
List the prime factors of 1989190415.
5, 113, 3520691
List the prime factors of 389567532.
2, 3, 3571, 9091
What are the prime factors of 78752064?
2, 3, 53, 71, 109
What are the prime factors of 909764024?
2, 13, 1693, 5167
List the prime factors of 1135906334.
2, 197, 2883011
What are the prime factors of 657941940?
2, 3, 5, 331, 409
What are the prime factors of 3480574485?
3, 5, 232038299
List the prime factors of 2821305358.
2, 28627, 49277
List the prime factors of 2230364501.
7927, 281363
List the prime factors of 33784773.
3, 11, 8461
List the prime factors of 1291450778.
2, 645725389
What are the prime factors of 22067441?
11, 103, 19477
List the prime factors of 32119773.
3, 7, 1529513
What are the prime factors of 140506348?
2, 35126587
What are the prime factors of 269253417?
3, 89751139
List the prime factors of 397013297.
277, 337, 4253
What are the prime factors of 866071168?
2, 61, 110921
What are the prime factors of 322824862?
2, 7247, 22273
List the prime factors of 73884806.
2, 19, 223, 8719
What are the prime factors of 43860681?
3, 487, 10007
What are the prime factors of 148925610?
2, 3, 5, 17, 19, 47, 109
What are the prime factors of 676769497?
47, 14399351
What are the prime factors of 124975880?
2, 5, 31, 100787
List the prime factors of 196333361.
7, 1187, 23629
List the prime factors of 27872752.
2, 1129, 1543
What are the prime factors of 1203286903?
7, 13, 47, 281339
What are the prime factors of 3281840056?
2, 11, 19, 313, 6271
List the prime factors of 58281165.
3, 5, 1295137
What are the prime factors of 3515120570?
2, 5, 13, 43, 48371
List the prime factors of 693782584.
2, 11, 239, 32987
List the prime factors of 3785363673.
3, 7, 13, 19, 729779
What are the prime factors of 2238679397?
1051, 2130047
List the prime factors of 582332013.
3, 173, 374009
What are the prime factors of 49617684?
2, 3, 51047
List the prime factors of 20491771.
3943, 5197
List the prime factors of 401198682.
2, 3, 3187, 20981
List the prime factors of 1318899695.
5, 17, 23, 157, 4297
List the prime factors of 506529525.
3, 5, 6753727
List the prime factors of 231921585.
3, 5, 7, 736259
List the prime factors of 29890020.
2, 3, 5, 498167
List the prime factors of 1303622450.
2, 5, 13, 53, 79, 479
What are the prime factors of 3161637234?
2, 3, 7, 25092359
List the prime factors of 849974172.
2, 3, 70831181
What are the prime factors of 15951734?
2, 719, 11093
List the prime factors of 3487913399.
83, 1303, 32251
What are the prime factors of 29386062?
2, 3, 53, 30803
List the prime factors of 410772467.
7, 223, 359, 733
What are the prime factors of 1968504459?
3, 656168153
What are the prime factors of 51242659?
13, 31, 9781
What are the prime factors of 34846928?
2, 47, 149, 311
List the prime factors of 28182652.
2, 113, 62351
What are the prime factors of 350594209?
7, 743, 67409
What are the prime factors of 33349971?
3, 17, 29, 22549
List the prime factors of 121111221.
3, 7, 11, 29, 101, 179
What are the prime factors of 94937424?
2, 3, 1977863
List the prime factors of 634042112.
2, 11, 225157
List the prime factors of 3761389596.
2, 3, 433, 723901
List the prime factors of 3199067624.
2, 399883453
List the prime factors of 2456014334.
2, 1228007167
List the prime factors of 2199674121.
3, 997, 735431
List the prime factors of 341886811.
7, 113, 157, 2753
What are the prime factors of 145977394?
2, 47, 197, 7883
What are the prime factors of 256745257?
37, 6939061
What are the prime factors of 65975042?
2, 7, 4712503
List the prime factors of 105899248.
2, 7, 13, 72733
What are the prime factors of 50431017?
3, 7, 13, 31, 59, 101
List the prime factors of 67730958.
2, 3, 17, 89, 829
What are the prime factors of 48915571?
48915571
What are the prime factors of 4729366138?
2, 7, 31, 10897157
List the prime factors of 81187143.
3, 27062381
What are the prime factors of 1444260492?
2, 3, 40118347
List the prime factors of 97473759.
3, 547, 59399
What are the prime factors of 3122282695?
5, 7, 1820573
What are the prime factors of 34178676?
2, 3, 7, 37, 1571
What are the prime factors of 16777858?
2, 8388929
What are the prime factors of 805530191?
12143, 66337
List the prime factors of 66076626.
2, 3, 7, 11, 89, 1607
List the prime factors of 9778113.
3, 31, 101, 347
List the prime factors of 5226468142.
2, 7, 73, 157, 32573
List the prime factors of 901783348.
2, 101, 1297, 1721
What are the prime factors of 747759959?
31, 24121289
What are the prime factors of 66902732?
2, 13, 71, 18121
List the prime factors of 155